e k(207).
59
Let d(t) = 5*t**2 - 63*t + 250. What is d(7)?
54
Let f(u) = -7310*u + 12. Give f(0).
12
Let d(t) = -t**3 - 338*t**2 - 3310*t - 9898. Calculate d(-328).
-58
Let y(x) = -x**3 + 27*x**2 - 194*x + 15. Give y(7).
-363
Let m(a) = a**3 - 11*a**2 + 34937*a - 419385. What is m(12)?
3
Let t(n) = -3*n**2 - 68*n + 437. Calculate t(-28).
-11
Let i(r) = 32*r**2 + 2430*r + 9717. Give i(-4).
509
Let z(i) = 2*i**2 - 17086*i - 411208. Give z(-24).
8
Let j(y) = y**2 + 267*y + 17812. Give j(-129).
10
Let g(t) = -26*t**2 - 589*t + 1198. Calculate g(-24).
358
Let o(r) = -7*r**2 - 969*r + 4973. Calculate o(5).
-47
Let d(t) = -t**3 + 72*t**2 + 3898*t + 358. What is d(-36)?
-2
Let d(f) = -f**3 + 24*f**2 + 206*f - 150. What is d(28)?
2482
Let o(n) = -21*n**3 - 3*n**2 - 18*n + 55. What is o(3)?
-593
Let p(y) = 53*y - 509. Give p(10).
21
Let p(s) = -2*s**3 + 23*s**2 + 20702*s - 248285. Determine p(12).
-5
Let p(v) = 82*v**2 - 1079*v - 42. Give p(13).
-211
Let y(r) = -18460*r - 110757. Determine y(-6).
3
Let o(c) = 282*c + 8573. Calculate o(-31).
-169
Let a(r) = 120*r - 39574. Calculate a(308).
-2614
Let g(r) = -3902*r**2 - 23422*r - 8. Determine g(-6).
52
Let z(c) = c**3 - 112*c**2 + 2392*c + 429. Calculate z(29).
-6
Let k(z) = 2*z**2 + 453*z + 9420. What is k(-22)?
422
Let z(a) = -a**3 - 44*a**2 - 25*a - 1033. Calculate z(-44).
67
Let c(v) = v**3 + 1227*v**2 + 7325*v - 1242. Determine c(-1221).
-21
Let t(g) = g**3 - 12*g**2 + 972*g - 12781. What is t(13)?
24
Let x(f) = 439*f + 284943. What is x(-649)?
32
Let l(u) = -30*u**2 + 289*u + 398. Calculate l(-6).
-2416
Let j(r) = 19*r**3 + 5*r**2 - 457*r - 932. Determine j(-2).
-150
Let p(n) = 6*n**2 - 329*n + 3157. Determine p(9).
682
Let n(q) = -5*q**3 + 117*q**2 - 123*q - 682. Calculate n(22).
0
Let q(l) = -48*l**2 + 1206*l - 66. What is q(25)?
84
Let d(s) = -2*s**2 + 6701*s - 420715. Give d(64).
-43
Let i(v) = -2312520*v - 30062754. Calculate i(-13).
6
Let v(h) = 8397*h + 176328. What is v(-21)?
-9
Let c(x) = -46*x + 2928. Calculate c(57).
306
Let n(r) = 114*r + 572. What is n(-5)?
2
Let b(g) = -558*g - 3370. Calculate b(-7).
536
Let c(t) = 43*t**2 - 1092*t - 677. What is c(26)?
-1
Let r(n) = -2288*n + 226433. What is r(99)?
-79
Let i(j) = -3954*j - 407186. Determine i(-103).
76
Let w(j) = 3832*j - 1666886. Determine w(435).
34
Let j(s) = s**2 + 7*s - 1175. Give j(-49).
883
Let n(m) = 1046*m + 27950. Calculate n(-27).
-292
Let a(j) = -j**2 + 32801*j - 2389172. What is a(73)?
-28
Let l(m) = -m**2 - 443*m - 16687. Give l(-45).
1223
Let z(j) = j**2 - 1728*j - 1027866. Calculate z(-468).
-138
Let g(y) = -4*y**3 + 1713*y**2 - 115924*y - 1385. What is g(344)?
-9
Let u(n) = 389944*n - 2339670. Calculate u(6).
-6
Let w(c) = -13009*c - 43036. Give w(-3).
-4009
Let s(a) = a**3 - 753*a**2 - 6149*a + 46397. What is s(761)?
-24
Let h(y) = 2*y**2 - 601*y - 15928. What is h(325)?
-3
Let b(d) = 246*d**3 + 52401*d**2 + 626*d - 2770. What is b(-213)?
-1
Let b(g) = -g**2 + 848*g + 11170. Calculate b(-13).
-23
Let r(x) = 2*x**2 + 490525*x + 41. Give r(0).
41
Let g(w) = 13*w**2 - 879*w - 1786. Give g(-2).
24
Let w(s) = 13*s**3 - 818*s**2 + 531*s - 37338. Determine w(63).
84
Let u(c) = -762*c - 41154. Calculate u(-54).
-6
Let d(s) = -5*s**3 + 279*s**2 - 504*s + 865. What is d(54)?
-107
Let c(i) = -2038*i**3 + 4*i**2 - 203*i + 202. Give c(1).
-2035
Let x(o) = 45357*o + 498930. Determine x(-11).
3
Let o(h) = 459*h - 45580. What is o(99)?
-139
Let y(k) = -99106*k + 3369580. Give y(34).
-24
Let z(n) = 2*n**2 - 6922*n + 55245. Give z(8).
-3
Let q(i) = -103*i**2 + 9781*i + 382. Determine q(95).
2
Let f(i) = 2104*i + 10480. What is f(-5)?
-40
Let x(z) = z**3 - 19*z**2 - 37*z + 8. Calculate x(-2).
-2
Let s(l) = -1792*l**3 + 2112770*l**2 - 2359*l + 1184. Determine s(1179).
5
Let g(a) = a**3 - 2*a**2 - 108*a - 357. What is g(-6)?
3
Let c(d) = -d**2 + 51*d + 1252. Give c(-22).
-354
Let g(v) = 3058*v - 27490. Determine g(9).
32
Let q(c) = -12418*c + 819350. What is q(66)?
-238
Let b(w) = 6699*w + 341627. What is b(-51)?
-22
Let u(i) = i**3 + 18*i**2 - 7539*i - 121139. Give u(-16).
-3
Let q(h) = -10*h**3 - 2*h**2 + 8*h + 94. What is q(-4)?
670
Let q(k) = k**2 - 1198*k + 3440. Calculate q(0).
3440
Let f(c) = 29*c**2 + 2246*c + 8954. Calculate f(-4).
434
Let x(b) = -b**2 + 146*b - 1532. Give x(54).
3436
Let p(t) = 4829*t**2 - 28980*t + 33. What is p(6)?
-3
Let q(g) = g**3 + 161*g**2 - 714*g - 8564. Give q(-165).
346
Let g(b) = -2*b**3 - 276*b**2 - 26*b - 3125. What is g(-138)?
463
Let p(z) = 2731*z**2 - 2746*z + 35. Determine p(1).
20
Let t(p) = 161*p**2 + 104969*p - 1734. Give t(-652).
222
Let i(p) = -8*p**2 - 220*p + 644. Calculate i(-27).
752
Let d(t) = -t**2 - 37126*t + 557125. Give d(15).
10
Let c(t) = -14799*t - 44393. Give c(-3).
4
Let o(q) = 23*q**3 - 179*q**2 - 167*q + 12. What is o(-1)?
-23
Let h(i) = 16*i**2 + 31473*i - 94440. Determine h(3).
123
Let s(w) = w**3 + 108*w**2 + 1041*w + 112400. Calculate s(-108).
-28
Let l(a) = 22879*a + 251685. What is l(-11)?
16
Let q(z) = -76*z + 4721. Give q(29).
2517
Let j(d) = d**2 + 14374*d + 186692. Determine j(-13).
-1
Let y(q) = -410*q - 58588. Calculate y(-143).
42
Let z(k) = -6375*k - 6404. Give z(-1).
-29
Let y(r) = 19*r**2 - 909*r + 2422. Calculate y(45).
-8
Let i(r) = -13*r**2 - 794*r + 813. What is i(-62)?
69
Let k(x) = -2*x**3 - 840*x**2 + 2*x + 801. Calculate k(-420).
-39
Let o(i) = -3*i**3 + 142*i**2 + 435*i - 1820. Determine o(50).
-70
Let u(k) = 751*k**2 - 36773*k - 1246. Give u(49).
28
Let i(a) = -5*a**2 + 82*a + 442. What is i(-5)?
-93
Let i(x) = x**3 - x**2 + 85*x - 409. Calculate i(5).
116
Let d(n) = 26*n**2 + 2234*n - 174. Give d(-86).
-2
Let t(o) = o**3 + 101*o**2 + 1075*o + 589. Determine t(-89).
-34
Let n(m) = -16066*m - 112509. Calculate n(-7).
-47
Let x(i) = -2769*i**2 + 38766*i - 3. Determine x(14).
-3
Let n(l) = l**3 + 32*l**2 + 272*l + 126. What is n(-17)?
-163
Let l(d) = -71*d + 5410. Calculate l(61).
1079
Let r(l) = 130262*l + 521048. What is r(-4)?
0
Let o(d) = -2861*d - 60220. What is o(-21)?
-139
Let l(v) = -100*v**2 - 30434*v + 81664. What is l(-307)?
2
Let s(w) = -172*w**2 + 162*w + 113. Give s(-1).
-221
Let h(t) = -9*t**3 - 4*t**2 - 753*t - 2926. Calculate h(-4).
598
Let k(y) = 2*y**3 + 51*y**2 + 66*y - 182. Calculate k(-24).
-38
Let t(a) = 36*a**2 + 2889*a + 33854. Calculate t(-66).
-4
Let z(b) = -28405*b + 14685380. Give z(517).
-5
Let i(t) = -54*t**2 - 1137*t - 29. Determine i(-21).
34
Let h(i) = -7*i**2 - 11836*i - 105959. Calculate h(-9).
-2
Let c(z) = -z**3 - 52*z**2 + 5406*z + 114. What is c(52)?
10
Let f(g) = 818*g + 15347. Calculate f(-19).
-195
Let t(m) = -114*m**2 - 5454*m + 5458. Give t(1).
-110
Let b(x) = 3550*x + 685072. Give b(-193).
-78
Let y(d) = -144917*d - 5796655. Give y(-40).
25
Let p(m) = -2556*m + 7691. Give p(3).
23
Let v(s) = 8*s**2 + 1240*s - 3758. Calculate v(-158).
34
Let j(g) = 487*g - 4135. Give j(9).
248
Let c(y) = 7*y**2 + 164*y - 324. What is c(-27)?
351
Let i(r) = -142*r - 14167. What is i(-99)?
-109
Let m(k) = -2*k**3 + 43*k**2 + 128*k - 43. Calculate m(19).
4194
Let s(c) = -c**3 - 24*c**2 + 558*c + 13044. Determine s(-21).
3
Let w(a) = -57*a**2 + 117*a + 440. Calculate w(-9).
-5230
Let j(y) = -y**3 + 1127*y**2 + 55148*y - 1409. Give j(-47).
1
Let f(y) = -101*y**2 - 719*y + 57. Give f(-7).
141
Let a(k) = 124*k - 28866. Calculate a(241).
1018
Let s(g) = g**3 - 50*g**2 - 214*g + 151. Calculate s(-5).
-154
Let f(l) = 278*l + 57319. Give f(-206).
51
Let b(k) = -45*k**2 + 37*k + 35. Calculate b(-1).
-47
Let r(l) = -36281*l + 3446589. Calculate r(95).
-106
Let w(x) = -1664*x + 94794. Determine w(57).
-54
Let l(q) = 1303*q - 79. Calculate l(0).
-79
Let u(f) = -f**3 - 8*f**2 + 853*f + 5966. What is u(-7)?
-54
Let s(m) = 6*m**3 + 19*m**2 - 525*m - 84. What is s(-11)?
4
Let j(d) = -d**3 + 1116*d**2 + 6767*d - 39276. What is j(1122)?
-6
Let j(s) = 4*s**2 - 256*s - 416. Give j(62).
-912
Let w(q) = -3266*q + 91747. Give w(28).
299
Let h(y) = 2*y**2 - 76*y + 323. What is h(33)?
-7
Let v(n) = -83766*n - 83832. Determine v(-1).
-66
Let b(t) = 32*t**2 - 922*t + 1680. Give b(2).
-36
Let d(v) = 960376*v**2 + 2881127*v - 5. What is d(-3)?
-2
Let w(f) = f**3 - 85*f**2 + f + 2169. Calculate w(0).
2169
Let p(h) = -2353476*h + 7060434. Calculate p(3